{"id":63,"date":"2016-07-18T03:20:29","date_gmt":"2016-07-18T03:20:29","guid":{"rendered":"http:\/\/carlakrieger.com.br\/?post_type=avada_portfolio&#038;p=63"},"modified":"2021-04-12T01:53:57","modified_gmt":"2021-04-12T01:53:57","slug":"big-softy","status":"publish","type":"avada_portfolio","link":"https:\/\/carlakrieger.com.br\/?avada_portfolio=big-softy","title":{"rendered":"Workshop Agile Coach"},"content":{"rendered":"<div class=\"fusion-fullwidth fullwidth-box fusion-builder-row-1 fusion-flex-container nonhundred-percent-fullwidth non-hundred-percent-height-scrolling\" style=\"background-color: #ffffff;background-position: center center;background-repeat: no-repeat;border-width: 0px 0px 0px 0px;border-color:#eae9e9;border-style:solid;\" ><div class=\"fusion-builder-row fusion-row fusion-flex-align-items-flex-start\" style=\"max-width:calc( 1170px + 0px );margin-left: calc(-0px \/ 2 );margin-right: calc(-0px \/ 2 );\"><div class=\"fusion-layout-column fusion_builder_column fusion-builder-column-0 fusion_builder_column_1_1 1_1 fusion-flex-column\"><div class=\"fusion-column-wrapper fusion-flex-justify-content-flex-start fusion-content-layout-column\" style=\"background-position:left top;background-repeat:no-repeat;-webkit-background-size:cover;-moz-background-size:cover;-o-background-size:cover;background-size:cover;padding: 0px 0px 0px 0px;\"><div class=\"fusion-text fusion-text-1\"><p><strong>Agile Coach<\/strong><\/p>\n<p>Muito al\u00e9m de solu\u00e7\u00f5es prescritivas! Nesse workshop est\u00e3o contempladas pr\u00e1ticas e ferramentas para profissionais que suportam a organiza\u00e7\u00e3o na jornada \u00e1gil em busca da entrega de valor mais cedo aos clientes, com qualidade e atingindo os resultados.<\/p>\n<p>Ao longo deste Workshop, atrav\u00e9s de din\u00e2micas em salas virtuais, ser\u00e3o abordados exemplos de uso de ferramentas e pr\u00e1ticas por Agile Coaches, com foco em agilidade nos neg\u00f3cios (business agility) com base no kit de ferramentas do PMI-DA (Disciplined Agile)<\/p>\n<p><b>Alvo<\/b><\/p>\n<ul>\n<li>Qualquer profissional ou estudante que esteja suportando a jornada de Transforma\u00e7\u00e3o \u00c1gil nas organiza\u00e7\u00f5es pode se inscrever nesse Workshop. Recomend\u00e1vel conhecimento pr\u00e9vio sobre Kanban e SCRUM e n\u00e3o precisa ser da \u00e1rea de TI. Profissionais das \u00e1reas de RH, comercial, administrativo, financeiro entre outras podem participar deste Workshop.<\/li>\n<\/ul>\n<p><b>Formato<\/b><\/p>\n<ul>\n<li data-aria-posinset=\"2\" data-aria-level=\"1\"><span data-usefontface=\"false\" data-contrast=\"none\">2 S\u00e1bado, das 9h \u00e0s 16h ou 4 noites, das 19:00 as 22:00<\/span>\u200b<\/li>\n<li data-aria-posinset=\"3\" data-aria-level=\"1\"><span data-usefontface=\"false\" data-contrast=\"none\">CARGA HOR\u00c1RIA: 12 HORAS<\/span><\/li>\n<\/ul>\n<p><b>Principais objetivos<\/b><\/p>\n<ul>\n<li>Fundamentos sobre o papel do Agile Coach,<\/li>\n<li>A import\u00e2ncia do pragmatismo para uma implanta\u00e7\u00e3o \u00e1gil<\/li>\n<li>Fundamentos do DA \u2013 PMI Disciplined Agile<\/li>\n<li>Ferramentas e t\u00e9cnicas:<\/li>\n<li>Assessment de maturidade dos times<\/li>\n<li>Assessment de Contexto da Organiza\u00e7\u00e3o e times<\/li>\n<li>Trabalhando com WoW(Workon your Way &#8211; DA)<\/li>\n<li>Descobrindo o ciclo de vida de desenvolvimento ideal para cada time<\/li>\n<li>M\u00e9tricas para a organiza\u00e7\u00e3o e times<\/li>\n<li>Trabalhando a Cadeia de Valores<\/li>\n<li>Praticar os conceitos com din\u00e2micas em grupo<\/li>\n<\/ul>\n<p><b>Diferenciais deste Workshop<\/b><\/p>\n<ul>\n<li>Para quem \u00e9 PMP pode solicitar ao PMI at\u00e9 8 PDUs.<\/li>\n<li>Vis\u00e3o de ferramentas que apoiam no trabalho de um Agile Coach.<\/li>\n<li>WhatsApp exclusivo da turma para d\u00favidas dos alunos ap\u00f3s o Workshop.<\/li>\n<li>Facilitador qualificado, certificado e com grande experi\u00eancia de mercado.<\/li>\n<\/ul>\n<p><b>Ao final deste Workshop voc\u00ea&#8230;<\/b><\/p>\n<ul>\n<li>Poder\u00e1 ser um facilitador da transforma\u00e7\u00e3o \u00e1gil no seu departamento ou organiza\u00e7\u00e3o.<\/li>\n<\/ul>\n<p>Poder\u00e1 implantar de forma mais efetiva um ambiente \u00c1gil de Projetos na sua empresa.<\/p>\n<\/div><\/div><style type=\"text\/css\">.fusion-body .fusion-builder-column-0{width:100% !important;margin-top : 15px;margin-bottom : 15px;}.fusion-builder-column-0 > .fusion-column-wrapper {padding-top : 0px !important;padding-right : 0px !important;margin-right : 0px;padding-bottom : 0px !important;padding-left : 0px !important;margin-left : 0px;}@media only screen and (max-width:1024px) {.fusion-body .fusion-builder-column-0{width:100% !important;order : 0;}.fusion-builder-column-0 > .fusion-column-wrapper {margin-right : 0px;margin-left : 0px;}}@media only screen and (max-width:640px) {.fusion-body .fusion-builder-column-0{width:100% !important;order : 0;}.fusion-builder-column-0 > .fusion-column-wrapper {margin-right : 0px;margin-left : 0px;}}<\/style><\/div><\/div><style type=\"text\/css\">.fusion-body .fusion-flex-container.fusion-builder-row-1{ padding-top : 0px;margin-top : 0px;padding-right : 0px;padding-bottom : 0px;margin-bottom : 0px;padding-left : 0px;}<\/style><\/div>\n","protected":false},"excerpt":{"rendered":"","protected":false},"author":1,"featured_media":1449,"menu_order":0,"comment_status":"open","ping_status":"closed","template":"","format":"standard","meta":[],"portfolio_category":[],"portfolio_skills":[],"portfolio_tags":[84],"_links":{"self":[{"href":"https:\/\/carlakrieger.com.br\/index.php?rest_route=\/wp\/v2\/avada_portfolio\/63"}],"collection":[{"href":"https:\/\/carlakrieger.com.br\/index.php?rest_route=\/wp\/v2\/avada_portfolio"}],"about":[{"href":"https:\/\/carlakrieger.com.br\/index.php?rest_route=\/wp\/v2\/types\/avada_portfolio"}],"author":[{"embeddable":true,"href":"https:\/\/carlakrieger.com.br\/index.php?rest_route=\/wp\/v2\/users\/1"}],"replies":[{"embeddable":true,"href":"https:\/\/carlakrieger.com.br\/index.php?rest_route=%2Fwp%2Fv2%2Fcomments&post=63"}],"version-history":[{"count":16,"href":"https:\/\/carlakrieger.com.br\/index.php?rest_route=\/wp\/v2\/avada_portfolio\/63\/revisions"}],"predecessor-version":[{"id":1554,"href":"https:\/\/carlakrieger.com.br\/index.php?rest_route=\/wp\/v2\/avada_portfolio\/63\/revisions\/1554"}],"wp:featuredmedia":[{"embeddable":true,"href":"https:\/\/carlakrieger.com.br\/index.php?rest_route=\/wp\/v2\/media\/1449"}],"wp:attachment":[{"href":"https:\/\/carlakrieger.com.br\/index.php?rest_route=%2Fwp%2Fv2%2Fmedia&parent=63"}],"wp:term":[{"taxonomy":"portfolio_category","embeddable":true,"href":"https:\/\/carlakrieger.com.br\/index.php?rest_route=%2Fwp%2Fv2%2Fportfolio_category&post=63"},{"taxonomy":"portfolio_skills","embeddable":true,"href":"https:\/\/carlakrieger.com.br\/index.php?rest_route=%2Fwp%2Fv2%2Fportfolio_skills&post=63"},{"taxonomy":"portfolio_tags","embeddable":true,"href":"https:\/\/carlakrieger.com.br\/index.php?rest_route=%2Fwp%2Fv2%2Fportfolio_tags&post=63"}],"curies":[{"name":"wp","href":"https:\/\/api.w.org\/{rel}","templated":true}]}}

<div class="fusion-fullwidth fullwidth-box fusion-builder-row-1 fusion-flex-container nonhundred-percent-fullwidth non-hundred-percent-height-scrolling" style="background-color: #ffffff;background-position: center center;background-repeat: no-repeat;border-width: 0px 0px 0px 0px;border-color:#eae9e9;border-style:solid;" ><div class="fusion-builder-row fusion-row fusion-flex-align-items-flex-start" style="max-width:calc( 1170px + 0px );margin-left: calc(-0px / 2 );margin-right: calc(-0px / 2 );"><div class="fusion-layout-column fusion_builder_column fusion-builder-column-0 fusion_builder_column_1_1 1_1 fusion-flex-column"><div class="fusion-column-wrapper fusion-flex-justify-content-flex-start fusion-content-layout-column" style="background-position:left top;background-repeat:no-repeat;-webkit-background-size:cover;-moz-background-size:cover;-o-background-size:cover;background-size:cover;padding: 0px 0px 0px 0px;"><div class="fusion-text fusion-text-1"><p><strong>Agile Coach</strong></p>
<p>Muito além de soluções prescritivas! Nesse workshop estão contempladas práticas e ferramentas para profissionais que suportam a organização na jornada ágil em busca da entrega de valor mais cedo aos clientes, com qualidade e atingindo os resultados.</p>
<p>Ao longo deste Workshop, através de dinâmicas em salas virtuais, serão abordados exemplos de uso de ferramentas e práticas por Agile Coaches, com foco em agilidade nos negócios (business agility) com base no kit de ferramentas do PMI-DA (Disciplined Agile)</p>
<p><b>Alvo</b></p>
<ul>
<li>Qualquer profissional ou estudante que esteja suportando a jornada de Transformação Ágil nas organizações pode se inscrever nesse Workshop. Recomendável conhecimento prévio sobre Kanban e SCRUM e não precisa ser da área de TI. Profissionais das áreas de RH, comercial, administrativo, financeiro entre outras podem participar deste Workshop.</li>
</ul>
<p><b>Formato</b></p>
<ul>
<li data-aria-posinset="2" data-aria-level="1"><span data-usefontface="false" data-contrast="none">2 Sábado, das 9h às 16h ou 4 noites, das 19:00 as 22:00</span>​</li>
<li data-aria-posinset="3" data-aria-level="1"><span data-usefontface="false" data-contrast="none">CARGA HORÁRIA: 12 HORAS</span></li>
</ul>
<p><b>Principais objetivos</b></p>
<ul>
<li>Fundamentos sobre o papel do Agile Coach,</li>
<li>A importância do pragmatismo para uma implantação ágil</li>
<li>Fundamentos do DA – PMI Disciplined Agile</li>
<li>Ferramentas e técnicas:</li>
<li>Assessment de maturidade dos times</li>
<li>Assessment de Contexto da Organização e times</li>
<li>Trabalhando com WoW(Workon your Way &#8211; DA)</li>
<li>Descobrindo o ciclo de vida de desenvolvimento ideal para cada time</li>
<li>Métricas para a organização e times</li>
<li>Trabalhando a Cadeia de Valores</li>
<li>Praticar os conceitos com dinâmicas em grupo</li>
</ul>
<p><b>Diferenciais deste Workshop</b></p>
<ul>
<li>Para quem é PMP pode solicitar ao PMI até 8 PDUs.</li>
<li>Visão de ferramentas que apoiam no trabalho de um Agile Coach.</li>
<li>WhatsApp exclusivo da turma para dúvidas dos alunos após o Workshop.</li>
<li>Facilitador qualificado, certificado e com grande experiência de mercado.</li>
</ul>
<p><b>Ao final deste Workshop você&#8230;</b></p>
<ul>
<li>Poderá ser um facilitador da transformação ágil no seu departamento ou organização.</li>
</ul>
<p>Poderá implantar de forma mais efetiva um ambiente Ágil de Projetos na sua empresa.</p>
</div></div><style type="text/css">.fusion-body .fusion-builder-column-0{width:100% !important;margin-top : 15px;margin-bottom : 15px;}.fusion-builder-column-0 > .fusion-column-wrapper {padding-top : 0px !important;padding-right : 0px !important;margin-right : 0px;padding-bottom : 0px !important;padding-left : 0px !important;margin-left : 0px;}@media only screen and (max-width:1024px) {.fusion-body .fusion-builder-column-0{width:100% !important;order : 0;}.fusion-builder-column-0 > .fusion-column-wrapper {margin-right : 0px;margin-left : 0px;}}@media only screen and (max-width:640px) {.fusion-body .fusion-builder-column-0{width:100% !important;order : 0;}.fusion-builder-column-0 > .fusion-column-wrapper {margin-right : 0px;margin-left : 0px;}}</style></div></div><style type="text/css">.fusion-body .fusion-flex-container.fusion-builder-row-1{ padding-top : 0px;margin-top : 0px;padding-right : 0px;padding-bottom : 0px;margin-bottom : 0px;padding-left : 0px;}</style></div>
